
False
Is 3581794001 composite?
True
Is 42060969949 composite?
True
Is 434560579 composite?
True
Is 30225429811 prime?
True
Is 15056023069 a composite number?
True
Is 850161841 composite?
False
Is 537373939 prime?
False
Is 97884983 a composite number?
True
Is 12866375201 a composite number?
False
Is 26378584937 prime?
False
Is 65337264541 composite?
False
Is 145103609 a prime number?
False
Is 177354715 prime?
False
Is 1281853481 a prime number?
False
Is 17642825237 composite?
False
Is 476349781 prime?
True
Is 6218712895 prime?
False
Is 785998313 a composite number?
False
Is 1317809469 a composite number?
True
Is 29261693 a prime number?
False
Is 9926199001 prime?
True
Is 514372373 a composite number?
True
Is 3678002639 prime?
True
Is 4913120363 a composite number?
True
Is 1762761277 a prime number?
False
Is 14861345579 a composite number?
True
Is 2280450937 prime?
False
Is 2066453237 a composite number?
False
Is 213130409 a prime number?
True
Is 127653473 a prime number?
False
Is 981566441 prime?
True
Is 220230739 a prime number?
False
Is 1476817379 prime?
True
Is 14244975179 a composite number?
True
Is 26274810593 prime?
False
Is 660430349 a composite number?
True
Is 694519919 a composite number?
False
Is 515293969 prime?
True
Is 341524181 composite?
False
Is 5528546927 a composite number?
False
Is 47027759 a composite number?
False
Is 5776172797 prime?
True
Is 2196360151 a prime number?
True
Is 59084804027 a composite number?
True
Is 4540365706 composite?
True
Is 90990803 prime?
False
Is 2231154637 a prime number?
True
Is 4001207747 prime?
True
Is 5059340399 composite?
True
Is 161627903 composite?
True
Is 17965227517 a composite number?
True
Is 1773488233 a prime number?
False
Is 52577344097 a composite number?
True
Is 1068694073 composite?
True
Is 80871713773 composite?
False
Is 2450993353 a composite number?
True
Is 43509871661 a composite number?
False
Is 81319501 a composite number?
True
Is 482525873 a composite number?
False
Is 1036545529 prime?
True
Is 13252605815 a prime number?
False
Is 3325744171 a composite number?
True
Is 126839696579 a prime number?
False
Is 729510053 prime?
False
Is 738784367 prime?
False
Is 121717377437 composite?
False
Is 186575283799 prime?
True
Is 986417137 a composite number?
False
Is 2829123182 a composite number?
True
Is 8861303807 prime?
True
Is 248742833 composite?
True
Is 159907183 composite?
False
Is 59829626677 a prime number?
True
Is 2209172297 prime?
True
Is 3471722909 composite?
False
Is 1411781663 a composite number?
True
Is 507422879 composite?
True
Is 1598137997 composite?
False
Is 588587099 a composite number?
False
Is 1744979287 a prime number?
True
Is 543000007 a prime number?
False
Is 3681356821 a composite number?
True
Is 1123737271 a composite number?
False
Is 31104789709 prime?
False
Is 15313837514 composite?
True
Is 9508124239 prime?
True
Is 3181430573 a prime number?
False
Is 3943551041 a composite number?
True
Is 10121127733 a composite number?
False
Is 2955418979 a prime number?
True
Is 3623496493 a prime number?
True
Is 7598451893 prime?
True
Is 149366527 prime?
True
Is 21980501047 composite?
False
Is 3725495573 prime?
True
Is 12721573121 composite?
False
Is 2168697057 a composite number?
True
Is 39046488163 composite?
False
Is 109679552537 composite?
True
Is 3511072303 prime?
True
Is 3466501523 prime?
True
Is 605439323 a composite number?
False
Is 18122639363 a composite number?
False
Is 13274854597 a prime number?
True
Is 314643613 a prime number?
True
Is 136296072719 composite?
False
Is 28564937 a composite number?
True
Is 28297884829 a prime number?
True
Is 7209067517 a composite number?
False
Is 2035373245 a composite number?
True
Is 1064103479 composite?
False
Is 59135579 composite?
False
Is 590294359 prime?
True
Is 3811965943 a composite number?
False
Is 47974889 composite?
False
Is 825317279 composite?
True
Is 6083204779 a prime number?
False
Is 77536353655 prime?
False
Is 45775783 composite?
False
Is 20580726961 a prime number?
True
Is 15214024093 prime?
False
Is 37621806961 composite?
False
Is 11115962917 composite?
False
Is 18942985027 composite?
False
Is 7073505371 composite?
True
Is 17210872183 composite?
False
Is 1248575771 a prime number?
True
Is 7122249971 prime?
True
Is 6350528029 a composite number?
False
Is 637073401 a prime number?
False
Is 234753679 a composite number?
False
Is 268316955721 composite?
False
Is 10182861223 a prime number?
True
Is 51775914403 a composite number?
False
Is 327735431 a prime number?
True
Is 317207867 prime?
True
Is 35878611653 a prime number?
True
Is 646657307 composite?
True
Is 1710402251 composite?
False
Is 3929255303 composite?
False
Is 63016537 a prime number?
False
Is 1821827081 composite?
False
Is 247295066879 prime?
False
Is 13382622503 a composite number?
True
Is 17519011567 a prime number?
False
Is 46571797 composite?
False
Is 52955919455 a prime number?
False
Is 32544868531 composite?
True
Is 85542968447 a composite number?
False
Is 7290643081 prime?
True
Is 99795553771 composite?
False
Is 56272213687 composite?
True
Is 494279801 composite?
False
Is 60733723 composite?
True
Is 1249728323 a composite number?
False
Is 710324591 a prime number?
False
Is 16937264843 prime?
True
Is 11739760969 a prime number?
False
Is 300585289 a composite number?
True
Is 226706539 composite?
False
Is 18382034249 a prime number?
True
Is 1485235195 composite?
True
Is 38414930677 a composite number?
False
Is 11272120621 a composite number?
False
Is 451421257 a prime number?
False
Is 10155217169 a prime number?
True
Is 51035986 prime?
False
Is 104549281 prime?
False
Is 39009492869 a composite number?
False
Is 15389149999 a prime number?
True
Is 2757534303 composite?
True
Is 597598349 a prime number?
True
Is 408357385923 prime?
False
Is 388452469 prime?
True
Is 6449474347 prime?
False
Is 189806471 a composite number?
False
Is 1061265577 composite?
True
Is 332664089 prime?
True
Is 51240150701 a composite number?
False
Is 260666925089 a prime number?
True
Is 20883373897 composite?
False
Is 6947743321 prime?
False
Is 5796673643 prime?
True
Is 1353379663 prime?
True
Is 1337178653 a composite number?
False
Is 1427367001 prime?
False
Is 3242508999 a composite number?
True
Is 16855269589 prime?
False
Is 2990716271 a composite number?
True
Is 9753635113 prime?
True
Is 955800127 a prime number?
True
Is 9740685887 a prime number?
False
Is 1907594173 composite?
True
Is 54577744171 prime?
False
Is 177036833503 prime?
True
Is 1968205237 a prime number?
True
Is 961952062 prime?
False
Is 47025986387 prime?
True
Is 3386966533 composite?
False
Is 86747448737 composite?
False
Is 1125706479 a prime number?
False
Is 44722471 prime?
True
Is 2064083983 prime?
False
Is 2588680009 a prime number?
False
Is 2967277061 a prime number?
False
Is 86437031 a prime number?
True
Is 551947421 prime?
False
Is 23207763603 a composite number?
True
Is 48218491 a prime number?
False
Is 287926907 composite?
True
Is 11188384609 a composite number?
True
Is 20214203395 composite?
True
Is 194377437967 a composite number?
False
Is 9322548689 composite?
True
Is 499738219 a prime number?
False
Is 66395976799 prime?
False
Is 753129073 a prime number?
True
Is 2318929401 prime?
False
Is 139349654801 composite?
True
Is 88450916083 prime?
False
Is 56243549 prime?
False
Is 75860170391 a prime number?
True
Is 115916441 prime?
False
Is 694938487 prime?
False
Is 2933257111 a prime number?
True
Is 58825528051 a composite number?
False
Is 4088287537 composite?
False
Is 154677823 a composite number?
False
Is 7662002941 composite?
True
Is 9308659837 a composite number?
True
Is 198771763 prime?
False
Is 198456186181 composite?
True
Is 11886555677 a prime number?
True
Is 49254418909 a composite number?
True
Is 68461683803 composite?
True
Is 21006021227 a prime number?
True
Is 911454249 a prime number?
False
Is 70220698445 a composite number?
True
Is 3552895189 a composite number?
True
Is 10964464127 a prime number?
False
Is 74126786693 prime?
True
Is 101072519 prime?
False
Is 733255841 a prime number?
False
Is 828065263 prime?
False
Is 62718347 prime?
False
Is 193822103273 a composite number?
False
Is 48049229417 a composite number?
True
Is 3520341901 a prime number?
True
Is 8571291577 prime?
False
Is 208